 v be (-22)/(-44) - (-25)/2. Let g = v + -11. Suppose -5*r = -2*a + 7*a - 40, 4*r - g = a. What is the highest common divisor of a and 4?
2
Let w be 4/3*(8 - -4). Let s(c) = -c. Let b be s(-17). Let p = b - -7. What is the highest common divisor of p and w?
8
Let j = 107 + -71. Calculate the greatest common divisor of 90 and j.
18
Suppose r - 31 = -32. Let m(s) = -18*s + 5. Let a be m(r). What is the greatest common divisor of 161 and a?
23
Let a = 27 + 13. Calculate the greatest common divisor of a and 360.
40
Let b = 62 - -881. Calculate the highest common divisor of b and 23.
23
Let f = 275 + -143. Calculate the greatest common divisor of 12 and f.
12
Let b be 8/(-10) + (-2620)/(-25). Suppose 0 = 2*m - 0*m + b. Let t = m - -94. What is the highest common factor of t and 21?
21
Suppose -r + 11 = -4*u, 3*u - 2*u - 3*r = -11. Let h be (-2 - 7) + 2/u. Let k be h/75 - (-1322)/15. Calculate the greatest common divisor of k and 22.
22
Suppose -148 = -2*x - 140. Suppose -5*k + 3*w = -172, 5*w - 2*w + 76 = 2*k. What is the greatest common factor of k and x?
4
Let m = 57 - 57. Suppose 11*x - 8*x = 3*a + 18, m = -4*x + 2*a + 16. What is the greatest common divisor of 18 and x?
2
Let i be 60/(-150) + (-17)/(-5). Suppose 4*r + x = -0*x + 37, 0 = -r - i*x + 12. Calculate the highest common divisor of r and 72.
9
Suppose -4*l = 4*q - 112, 8 = l - q - 16. Calculate the highest common factor of l and 5.
1
Suppose -2*b = -4*b + 130. Suppose 0 = 3*i - 160 - b. Let c(d) = -29*d**3 + d**2 - 2*d - 2. Let o be c(-1). What is the greatest common factor of o and i?
15
Suppose 7*t = 11*t - 20. Suppose t*v + 2*m + 202 = 0, 6*m - 3*m + 163 = -4*v. Let c be (18/(-8))/(5/v). Calculate the highest common factor of c and 162.
18
Let w(f) = -11*f + 0*f**2 - 2*f**2 + 0*f**2 + 2. Let a be w(-5). What is the greatest common factor of a and 1?
1
Let z(k) = -k + 18. Let i be z(7). Suppose 0 = 5*g - i*g + 72. What is the highest common divisor of 12 and g?
12
Let s = 977 + -527. What is the highest common factor of 100 and s?
50
Suppose 0 = -5*r + o + 15, 3*r - 18 = 4*r + 4*o. Suppose -q + 2*q + r*b = 102, 3*b = 5*q - 471. Calculate the highest common factor of 12 and q.
12
Suppose 51 = 4*c - 5*i, 13*i - 8*i = -c - 6. Calculate the highest common factor of c and 4.
1
Suppose 7*h = 4*c + 10*h - 264, c + h - 66 = 0. What is the highest common factor of c and 66?
66
Let a(b) = -b**3 - 75*b**2 + 755*b - 66. Let x be a(-84). Suppose h - 72 = -0*h. What is the greatest common factor of h and x?
18
Suppose -12*z + 532 = -248. Suppose 52 = 3*h + h. What is the highest common factor of z and h?
13
Let o be (-4)/(-10) - 302/5. Let r = 90 + o. Let v(b) = 2*b**3 + b**2 + 15*b + 30. Let f be v(0). Calculate the highest common factor of f and r.
30
Let y(w) = w - 3. Let c be y(7). Let t be (-1008)/(-378)*54/4. What is the highest common factor of t and c?
4
Let l be (1/((-3)/(-10)))/((-5)/15). Let r(k) = -k**2 - 12*k - 4. Let b be r(l). Calculate the greatest common divisor of b and 8.
8
Let c = 4 - 4. Suppose 2*t - 48 = -4*y, -y - 18 = -t - c*t. Calculate the greatest common divisor of 8 and t.
4
Let t(i) = 17*i - 2. Let n be t(2). Let j(f) = -f**2 - 7*f - 5. Let g be j(-6). Let b be 18 - 19 - (g - 6). Calculate the greatest common factor of n and b.
4
Let v = -179 - -850. Suppose -7*g + 43 + v = 0. What is the greatest common divisor of 34 and g?
34
Let c be (-220)/(-198)*(-6)/10*-108. Calculate the greatest common factor of 288 and c.
72
Suppose -23*r + 27*r - 212 = 0. Let y = r + -45. Let z = 29 - 21. What is the greatest common divisor of z and y?
8
Let g = 0 + 30. Let s be 48/g - 2/(-5). Let x = s - -5. Calculate the highest common factor of x and 63.
7
Suppose -3*k - 198 = 3*f, -f - 4*f = -2*k - 111. Let p = -28 - k. Calculate the greatest common factor of 5 and p.
5
Let p be 9/(-6)*-2 - -1. Suppose p*u = -u + 45. Suppose 4*w - u = -3*f - 3, -4*w - 2*f + 8 = 0. What is the highest common factor of w and 3?
3
Let z(k) = 2*k**3 + k**2 + k + 3. Let o be z(-2). Let g(h) = -h - 5. Let n be g(o). What is the highest common divisor of 3 and n?
3
Let m(t) = 2*t + 8. Suppose -d - 3*i + 20 = 0, 20 = i + 4*i. Suppose 0*w + d = 2*w. Let j be m(w). What is the highest common divisor of 16 and j?
16
Let f(a) = a + 1. Let o be f(1). Let g be o/(-4)*-1*6. Suppose -8 = -2*r + 22. What is the greatest common divisor of r and g?
3
Let l = 160 + 190. Calculate the highest common factor of 100 and l.
50
Suppose 2*r = -5*p + 7*r + 60, -45 = -5*p + 2*r. Suppose 0 = -2*s + 15 + p. What is the greatest common divisor of 22 and s?
11
Suppose -12*l = 145 - 613. What is the greatest common factor of l and 1833?
39
Suppose -8*r = -268 - 980. What is the highest common divisor of r and 12?
12
Suppose 11*x + 672 = 15*x. What is the greatest common factor of x and 224?
56
Let b = 361 + -302. What is the highest common divisor of b and 59?
59
Suppose 125*y - 12096 = 13*y. What is the greatest common divisor of y and 351?
27
Let o(g) = 8*g - 12. Let j be o(2). Suppose -j*l = -18*l + 798. What is the greatest common factor of 38 and l?
19
Suppose 4 + 4 = -4*o, 3*o + 852 = 2*f. Calculate the greatest common factor of 47 and f.
47
Suppose 0 = -p - p + 1452. Let y be (p/(-12))/(2/(-4)). Let w = 101 - 90. Calculate the highest common factor of y and w.
11
Suppose -9*a = 82 - 199. What is the greatest common factor of 39 and a?
13
Suppose s - 118 - 53 = 0. Let l = 41 + -41. Suppose l = 3*k - 19 - 38. What is the highest common factor of k and s?
19
Suppose 0*w = -w - x + 6, 2*w - 9 = -5*x. Calculate the greatest common factor of 112 and w.
7
Suppose -2*y - 14 = -q, -y - 8 = -q + 8. Calculate the greatest common factor of q and 42.
6
Let p be (4/3)/(-4)*-6. Suppose -d - 5 = -6*d + p*a, 2*d - 3 = a. Let m be (d + -5)/(1 - 2). Calculate the greatest common divisor of 2 and m.
2
Let z(k) = -k**3 - 6*k**2 - 8*k - 3. Let u be z(-6). What is the highest common divisor of 60 and u?
15
Let j(k) = 2*k**3 + 13*k**2 + 9*k + 1. Let g be j(-5). Let f be g*5 + (-2 - 3). What is the greatest common divisor of f and 10?
10
Let u(c) = -4*c - 38. Let n be u(-16). What is the greatest common divisor of 117 and n?
13
Let h(k) = 29*k - 11. Let l be h(2). What is the greatest common divisor of 329 and l?
47
Suppose 0 = 4*h + 337 + 167. Let c = 50 - h. What is the highest common factor of c and 22?
22
Let i = -68 + 97. Let l be 2 - (111 - -4)*-2. What is the highest common factor of l and i?
29
Let l = 849 + -821. Calculate the highest common factor of 518 and l.
14
Suppose -5*x - 204 + 29 = 0. Let q = 0 - x. Suppose 22 = 5*y - l - 8, 2*l + 18 = 4*y. What is the highest common divisor of q and y?
7
Suppose 6*q = 17*q - 4543. Calculate the greatest common divisor of 236 and q.
59
Let l be (-1)/((-8)/(-3720)*-1). What is the greatest common divisor of l and 15?
15
Suppose 5*m - 68 - 22 = 0. Let h = m + -14. Suppose h*g = 4*j + 80, -96 + 18 = -4*g + 5*j. Calculate the highest common divisor of g and 11.
11
Let a(p) = -2*p + 6. Let v be (4/6)/((-1)/9). Let b be a(v). Suppose 20 = -4*x, -7 = -2*w + x + 2. Calculate the highest common divisor of b and w.
2
Let l(s) = s**3 - 10*s**2 - s - 8. Let x be l(11). Calculate the highest common divisor of x and 34.
34
Let v be 12*(0 - -2)*30/24. What is the greatest common divisor of v and 42?
6
Let k(q) = 8*q + 86. Let c be k(-8). What is the greatest common divisor of 88 and c?
22
Suppose -5*l = 5*j - 70, 0 = 5*l - 10*l - j + 70. Let i be (-8)/10 - 1184/(-80). Suppose -42 = 11*p - i*p. Calculate the greatest common factor of l and p.
14
Let t be (-3 + 8)*(-1 - (-21)/15). Let n be 1/t + (-8)/16*-191. Calculate the highest common factor of 32 and n.
32
Let w(t) = 28*t + 3. Let h be w(4). Let g(s) = -19*s - 64. Let k be g(-7). Let c = -23 + k. What is the greatest common factor of c and h?
23
Suppose 334*t - 35 = 333*t. What is the greatest common factor of t and 21?
7
Let f(r) = r - 4. Let d be f(7). Suppose d*j - z - 2*z = 15, -5*z - 25 = 3*j. Suppose -3*c - 4 + 31 = j. What is the highest common divisor of c and 9?
9
Let c(n) = -n**3 + 5*n**2 - 1. Let m be c(2). Suppose -t + 5 = -m. Suppose -15*l + 5*l + 20 = 0. Calculate the highest common divisor of t and l.
2
Suppose 15*q = 21*q - 132. What is the greate